{"id":365,"date":"2018-09-29T08:48:21","date_gmt":"2018-09-29T08:48:21","guid":{"rendered":"https:\/\/acytal.com\/?page_id=365"},"modified":"2018-10-05T09:44:34","modified_gmt":"2018-10-05T09:44:34","slug":"union-aacc","status":"publish","type":"page","link":"https:\/\/acytal.com\/index.php\/union-aacc\/","title":{"rendered":"Union AACC"},"content":{"rendered":"<div id=\"pl-365\"  class=\"panel-layout\" ><div id=\"pg-365-0\"  class=\"panel-grid panel-no-style\" ><div id=\"pgc-365-0-0\"  class=\"panel-grid-cell\" ><div id=\"panel-365-0-0-0\" class=\"so-panel widget widget_text panel-first-child panel-last-child\" data-index=\"0\" >\t\t\t<div class=\"textwidget\"><p>Acytal Levante desde sus inicios est\u00e1 integrada en la<strong>\u00a0Federaci\u00f3n Uni\u00f3n AACC<\/strong> que\u00a0es la <strong>uni\u00f3n<\/strong> de distintas Asociaciones de Altas Capacidades de Espa\u00f1a con un objetivo com\u00fan: Lograr el cambio educativo desde la equidad.<\/p>\n<\/div>\n\t\t<\/div><\/div><div id=\"pgc-365-0-1\"  class=\"panel-grid-cell\" ><div id=\"panel-365-0-1-0\" class=\"so-panel widget widget_media_image panel-first-child panel-last-child\" data-index=\"1\" ><img loading=\"lazy\" decoding=\"async\" width=\"150\" height=\"105\" src=\"https:\/\/acytal.com\/wp-content\/uploads\/2018\/09\/logo-union-150x150-e1538218598167.jpg\" class=\"image wp-image-366  attachment-full size-full\" alt=\"\" style=\"max-width: 100%; height: auto;\" \/><\/div><\/div><\/div><div id=\"pg-365-1\"  class=\"panel-grid panel-no-style\" ><div id=\"pgc-365-1-0\"  class=\"panel-grid-cell\" ><div id=\"panel-365-1-0-0\" class=\"so-panel widget widget_sow-editor panel-first-child\" data-index=\"2\" ><div\n\t\t\t\n\t\t\tclass=\"so-widget-sow-editor so-widget-sow-editor-base\"\n\t\t\t\n\t\t>\n<div class=\"siteorigin-widget-tinymce textwidget\">\n\t<p>Para ello trabajaremos de forma conjunta y transparente por lograr un consenso nacional sobre la definici\u00f3n de las AAC, criterios de evaluaci\u00f3n y medidas de apoyo. Adem\u00e1s de buscar un seguimiento a lo largo de toda la vida educativa de los alumn@s aacc.<\/p>\n<p>Para poder hacer frente a la administraci\u00f3n es necesario que tengamos todas las asociaciones un discurso y acciones comunes adem\u00e1s de una representaci\u00f3n cuantitativa necesaria que sea reflejo de la realidad.<\/p>\n<\/div>\n<\/div><\/div><div id=\"panel-365-1-0-1\" class=\"so-panel widget widget_sow-editor\" data-index=\"3\" ><div\n\t\t\t\n\t\t\tclass=\"so-widget-sow-editor so-widget-sow-editor-base\"\n\t\t\t\n\t\t>\n<div class=\"siteorigin-widget-tinymce textwidget\">\n\t<blockquote>\n<p>juntos somos m\u00e1s fuertes<\/p>\n<\/blockquote>\n<\/div>\n<\/div><\/div><div id=\"panel-365-1-0-2\" class=\"so-panel widget widget_sow-image\" data-index=\"4\" ><div\n\t\t\t\n\t\t\tclass=\"so-widget-sow-image so-widget-sow-image-default-8b5b6f678277-365\"\n\t\t\t\n\t\t>\n<div class=\"sow-image-container\">\n\t\t<img \n\tsrc=\"https:\/\/acytal.com\/wp-content\/uploads\/2018\/10\/union.jpg\" width=\"800\" height=\"455\" srcset=\"https:\/\/acytal.com\/wp-content\/uploads\/2018\/10\/union.jpg 800w, https:\/\/acytal.com\/wp-content\/uploads\/2018\/10\/union-200x114.jpg 200w, https:\/\/acytal.com\/wp-content\/uploads\/2018\/10\/union-768x437.jpg 768w\" sizes=\"(max-width: 800px) 100vw, 800px\" alt=\"\" \t\tclass=\"so-widget-image\"\/>\n\t<\/div>\n\n<\/div><\/div><div id=\"panel-365-1-0-3\" class=\"so-panel widget widget_text panel-last-child\" data-index=\"5\" >\t\t\t<div class=\"textwidget\"><p>Foto de ASAC Galicia AACC. Ubicada en el 1\u00ba Congreso Internacional Noroeste Altas Capacidades<\/p>\n<\/div>\n\t\t<\/div><\/div><\/div><\/div>","protected":false},"excerpt":{"rendered":"<p>Acytal Levante desde sus inicios est\u00e1 integrada en la\u00a0Federaci\u00f3n Uni\u00f3n AACC que\u00a0es la uni\u00f3n de distintas Asociaciones de Altas Capacidades de Espa\u00f1a con un objetivo com\u00fan: Lograr el cambio educativo desde la equidad. Para ello trabajaremos de forma conjunta y<\/p>\n","protected":false},"author":1,"featured_media":366,"parent":0,"menu_order":0,"comment_status":"closed","ping_status":"closed","template":"","meta":{"footnotes":""},"class_list":["post-365","page","type-page","status-publish","has-post-thumbnail","hentry"],"_links":{"self":[{"href":"https:\/\/acytal.com\/index.php\/wp-json\/wp\/v2\/pages\/365","targetHints":{"allow":["GET"]}}],"collection":[{"href":"https:\/\/acytal.com\/index.php\/wp-json\/wp\/v2\/pages"}],"about":[{"href":"https:\/\/acytal.com\/index.php\/wp-json\/wp\/v2\/types\/page"}],"author":[{"embeddable":true,"href":"https:\/\/acytal.com\/index.php\/wp-json\/wp\/v2\/users\/1"}],"replies":[{"embeddable":true,"href":"https:\/\/acytal.com\/index.php\/wp-json\/wp\/v2\/comments?post=365"}],"version-history":[{"count":0,"href":"https:\/\/acytal.com\/index.php\/wp-json\/wp\/v2\/pages\/365\/revisions"}],"wp:featuredmedia":[{"embeddable":true,"href":"https:\/\/acytal.com\/index.php\/wp-json\/wp\/v2\/media\/366"}],"wp:attachment":[{"href":"https:\/\/acytal.com\/index.php\/wp-json\/wp\/v2\/media?parent=365"}],"curies":[{"name":"wp","href":"https:\/\/api.w.org\/{rel}","templated":true}]}}