{"id":307,"date":"2018-09-28T22:46:47","date_gmt":"2018-09-28T22:46:47","guid":{"rendered":"https:\/\/acytal.com\/?page_id=307"},"modified":"2024-02-29T16:44:02","modified_gmt":"2024-02-29T16:44:02","slug":"hazte-socio","status":"publish","type":"page","link":"https:\/\/acytal.com\/index.php\/hazte-socio\/","title":{"rendered":"Hazte socio"},"content":{"rendered":"<div id=\"pl-307\"  class=\"panel-layout\" ><div id=\"pg-307-0\"  class=\"panel-grid panel-no-style\" ><div id=\"pgc-307-0-0\"  class=\"panel-grid-cell\" ><div id=\"panel-307-0-0-0\" class=\"so-panel widget widget_sow-image panel-first-child\" data-index=\"0\" ><div\n\t\t\t\n\t\t\tclass=\"so-widget-sow-image so-widget-sow-image-default-dbf295114b96-307\"\n\t\t\t\n\t\t>\n<div class=\"sow-image-container\">\n\t\t<img \n\tsrc=\"https:\/\/acytal.com\/wp-content\/uploads\/2014\/05\/office-336368_1280.jpg\" width=\"1100\" height=\"460\" srcset=\"https:\/\/acytal.com\/wp-content\/uploads\/2014\/05\/office-336368_1280.jpg 1100w, https:\/\/acytal.com\/wp-content\/uploads\/2014\/05\/office-336368_1280-300x125.jpg 300w, https:\/\/acytal.com\/wp-content\/uploads\/2014\/05\/office-336368_1280-768x321.jpg 768w, https:\/\/acytal.com\/wp-content\/uploads\/2014\/05\/office-336368_1280-1024x428.jpg 1024w, https:\/\/acytal.com\/wp-content\/uploads\/2014\/05\/office-336368_1280-720x300.jpg 720w\" sizes=\"(max-width: 1100px) 100vw, 1100px\" alt=\"\" \t\tclass=\"so-widget-image\"\/>\n\t<\/div>\n\n<\/div><\/div><div id=\"panel-307-0-0-1\" class=\"so-panel widget widget_sow-editor\" data-index=\"1\" ><div\n\t\t\t\n\t\t\tclass=\"so-widget-sow-editor so-widget-sow-editor-base\"\n\t\t\t\n\t\t>\n<div class=\"siteorigin-widget-tinymce textwidget\">\n\t<p><strong>\u00bfPor qu\u00e9 asociarse?<\/strong><\/p>\n<p>Entrar a formar parte de ACYTAL es una forma de defender tus propios intereses, ya que siempre es m\u00e1s f\u00e1cil hacerlo de manera colectiva.<\/p>\n<p>Pensamos que para conseguir\u00a0nuestros objetivos es importante contar contigo y con tu apoyo, si es que te sientes identificado con ellos.<\/p>\n<p>Si lo deseas, puedes apoyar y formar parte de este proyecto com\u00fan haci\u00e9ndote socio. Como asociaci\u00f3n sin \u00e1nimo de lucro e independiente, esta es la manera b\u00e1sica que tenemos de intentar alcanzar las metas que nos hemos propuesto.<\/p>\n<p>Si deseas formar parte de nuestro proyecto, sigue las instrucciones que se muestra a continuaci\u00f3n. En breve nos pondremos en contacto contigo.<\/p>\n<hr \/>\n<p><strong>Instrucciones para solicitar la inscripci\u00f3n como SOCIO en ACYTAL LEVANTE:<\/strong><\/p>\n<ol>\n<li>Descargue, rellene y firme los siguientes 2<strong>\u00a0documentos<\/strong>:\n<ul>\n<li>Solicitud de inscripci\u00f3n de SOCIO ORDINARIO. [<a href=\"https:\/\/acytal.com\/contenidos\/Solicitud-de-inscripcion-SOCIO-ORDINARIO.pdf\" target=\"_blank\" rel=\"noopener\"><u>Descargar<\/u><\/a>]<\/li>\n<li>Informaci\u00f3n y consentimiento al TRATAMIENTO DE DATOS PERSONALES. [<a href=\"https:\/\/acytal.com\/contenidos\/Informacion-y-consentimiento-al-TRATAMIENTO-DE-DATOS-PERSONALES.pdf\" target=\"_blank\" rel=\"noopener\"><u>Descargar<\/u><\/a>]<\/li>\n<\/ul>\n<\/li>\n<li>Necesitar\u00e1 enviar <strong>copia de los DNI<\/strong> de los padres.<\/li>\n<li><strong>H\u00e1ganos llegar los 3 documentos y las copias de DNI<\/strong> de una de las siguientes maneras:\n<ul>\n<li>En papel, en mano. Solicite al tel\u00e9fono 698 867 481 una cita para la pr\u00f3xima reuni\u00f3n de la asociaci\u00f3n.<\/li>\n<li>En papel, por correo ordinario, a la direcci\u00f3n:<br \/>\nACYTAL LEVANTE. C\/Gregorio Mart\u00ednez, 7- 4\u00ba Puerta 3 \u2013 Almorad\u00ed (Alicante) 03160<\/li>\n<li>En formato PDF por email, a la direcci\u00f3n: <a href=\"mailto:info@acytal.com\">info@acytal.com<\/a><\/li>\n<\/ul>\n<\/li>\n<\/ol>\n<p><u>Importante<\/u>: <strong>NO ENV\u00cdE la valoraci\u00f3n de altas capacidades o talentos<\/strong> de su hijo a la asociaci\u00f3n.<br \/>\nPosteriormente recibir\u00e1 instrucciones de c\u00f3mo y cu\u00e1ndo hacerlo.<\/p>\n<p>Una vez revisada la documentaci\u00f3n recibir\u00e1 contestaci\u00f3n a la solicitud (preferiblemente por email).<\/p>\n<ul>\n<li>Si la solicitud resulta <strong>rechazada<\/strong>, se le indicar\u00e1n los motivos, y si tiene que aportar m\u00e1s documentaci\u00f3n.<\/li>\n<li>Si la solicitud resulta <strong>aceptada<\/strong>, recibir\u00e1 instrucciones para enviar la valoraci\u00f3n de altas capacidades o talentos de su hijo o hijos a uno de los profesionales colaboradores de ACYTAL LEVANTE. Dicho profesional, informar\u00e1 a ACYTAL LEVANTE la idoneidad o no de dicha valoraci\u00f3n, seg\u00fan los criterios preestablecidos por la asociaci\u00f3n.<\/li>\n<\/ul>\n<p>Una vez revisada la valoraci\u00f3n profesional, recibir\u00e1 contestaci\u00f3n definitiva a la solicitud (preferiblemente por email).<\/p>\n<\/div>\n<\/div><\/div><div id=\"panel-307-0-0-2\" class=\"so-panel widget widget_sow-image panel-last-child\" data-index=\"2\" ><div\n\t\t\t\n\t\t\tclass=\"so-widget-sow-image so-widget-sow-image-default-c67d20f9f743-307\"\n\t\t\t\n\t\t>\n<div class=\"sow-image-container\">\n\t\t<img \n\tsrc=\"https:\/\/acytal.com\/wp-content\/uploads\/2018\/09\/nosnecesitamos.png\" width=\"300\" height=\"147\" sizes=\"(max-width: 300px) 100vw, 300px\" alt=\"\" \t\tclass=\"so-widget-image\"\/>\n\t<\/div>\n\n<\/div><\/div><\/div><\/div><\/div>","protected":false},"excerpt":{"rendered":"<p>\u00bfPor qu\u00e9 asociarse? Entrar a formar parte de ACYTAL es una forma de defender tus propios intereses, ya que siempre es m\u00e1s f\u00e1cil hacerlo de manera colectiva. Pensamos que para conseguir\u00a0nuestros objetivos es importante contar contigo y con tu apoyo,<\/p>\n","protected":false},"author":1,"featured_media":425,"parent":0,"menu_order":0,"comment_status":"closed","ping_status":"closed","template":"","meta":{"footnotes":""},"class_list":["post-307","page","type-page","status-publish","has-post-thumbnail","hentry"],"_links":{"self":[{"href":"https:\/\/acytal.com\/index.php\/wp-json\/wp\/v2\/pages\/307","targetHints":{"allow":["GET"]}}],"collection":[{"href":"https:\/\/acytal.com\/index.php\/wp-json\/wp\/v2\/pages"}],"about":[{"href":"https:\/\/acytal.com\/index.php\/wp-json\/wp\/v2\/types\/page"}],"author":[{"embeddable":true,"href":"https:\/\/acytal.com\/index.php\/wp-json\/wp\/v2\/users\/1"}],"replies":[{"embeddable":true,"href":"https:\/\/acytal.com\/index.php\/wp-json\/wp\/v2\/comments?post=307"}],"version-history":[{"count":4,"href":"https:\/\/acytal.com\/index.php\/wp-json\/wp\/v2\/pages\/307\/revisions"}],"predecessor-version":[{"id":819,"href":"https:\/\/acytal.com\/index.php\/wp-json\/wp\/v2\/pages\/307\/revisions\/819"}],"wp:featuredmedia":[{"embeddable":true,"href":"https:\/\/acytal.com\/index.php\/wp-json\/wp\/v2\/media\/425"}],"wp:attachment":[{"href":"https:\/\/acytal.com\/index.php\/wp-json\/wp\/v2\/media?parent=307"}],"curies":[{"name":"wp","href":"https:\/\/api.w.org\/{rel}","templated":true}]}}