{"id":154,"date":"2014-06-29T13:07:45","date_gmt":"2014-06-29T13:07:45","guid":{"rendered":"http:\/\/demo.themegrill.com\/accelerate\/?page_id=154"},"modified":"2018-10-03T23:47:43","modified_gmt":"2018-10-03T23:47:43","slug":"contact","status":"publish","type":"page","link":"https:\/\/acytal.com\/index.php\/contact\/","title":{"rendered":"Contacto"},"content":{"rendered":"<p>Puedes ponerte en contacto con nosotros para cualquier duda que desees aclarar mediante correo electr\u00f3nico o telef\u00f3nicamente. Igualmente, puedes solicitar informaci\u00f3n y asistir a alguna de las actividades que tengamos programadas y, de esta forma, conocernos previamente.<\/p>\n<p>Antes de enviarnos tus datos personales, debes informarte de nuestra <a href=\"https:\/\/acytal.com\/index.php\/politica-de-privacidad\/\">Pol\u00edtica de Privacidad<\/a><\/p>\n<div class=\"everest-forms\"><div class=\"evf-container default\" id=\"evf-260\"><form id=\"evf-form-260\" class=\"everest-form\" data-formid=\"260\" data-ajax_submission=\"0\" data-keyboard_friendly_form=\"0\" data-form_state_type=\"\" method=\"post\" enctype=\"multipart\/form-data\" action=\"\/index.php\/wp-json\/wp\/v2\/pages\/154\"><div class=\"evf-field-container\"><input type=\"hidden\" id=\"_wpnonce260\" name=\"_wpnonce260\" value=\"d180b4b00a\" \/><input type=\"hidden\" name=\"_wp_http_referer\" value=\"\/index.php\/wp-json\/wp\/v2\/pages\/154\" \/><div class=\"evf-frontend-row\" data-row=\"row_1\" conditional_rules=\"[]\"><div class=\"evf-frontend-grid evf-grid-1\" data-grid=\"grid_1\"><div id=\"evf-260-field_name-container\" class=\"evf-field evf-field-text form-row validate-required\" data-required-field-message=\"Este campo es obligatorio.\" data-field-id=\"name\"><label class=\"evf-field-label\" for=\"evf-260-field_name\"><span class=\"evf-label\">Nombre<\/span> <abbr class=\"required\" title=\"Obligatorio\">*<\/abbr><\/label><input type=\"text\" id=\"evf-260-field_name\" class=\"input-text\" name=\"everest_forms[form_fields][name]\" required><\/div><div id=\"evf-260-field_email-container\" class=\"evf-field evf-field-email form-row validate-required validate-email\" data-required-field-message=\"Introduzca una direcci\u00f3n de email v\u00e1lida.\" data-field-id=\"email\"><label class=\"evf-field-label\" for=\"evf-260-field_email\"><span class=\"evf-label\">Email<\/span> <abbr class=\"required\" title=\"Obligatorio\">*<\/abbr><\/label><input type=\"email\" id=\"evf-260-field_email\" class=\"input-text\" name=\"everest_forms[form_fields][email]\" required ><\/div><div id=\"evf-260-field_subject-container\" class=\"evf-field evf-field-text form-row validate-required\" data-required-field-message=\"Este campo es obligatorio.\" data-field-id=\"subject\"><label class=\"evf-field-label\" for=\"evf-260-field_subject\"><span class=\"evf-label\">Asunto<\/span> <abbr class=\"required\" title=\"Obligatorio\">*<\/abbr><\/label><input type=\"text\" id=\"evf-260-field_subject\" class=\"input-text\" name=\"everest_forms[form_fields][subject]\" required><\/div><div id=\"evf-260-field_message-container\" class=\"evf-field evf-field-textarea form-row\" data-field-id=\"message\"><label class=\"evf-field-label\" for=\"evf-260-field_message\"><span class=\"evf-label\">Mensaje<\/span> <\/label><textarea id=\"evf-260-field_message\" class=\"input-text\" name=\"everest_forms[form_fields][message]\"  ><\/textarea><\/div><div id=\"evf-260-field_UEdgScdz5y-1-container\" class=\"evf-field evf-field-checkbox form-row validate-required\" data-required-field-message=\"This field is required.\" data-field-id=\"UEdgScdz5y-1\"><label class=\"evf-field-label evf-label-hide\" for=\"evf-260-field_UEdgScdz5y-1\"><span class=\"evf-label\">Checkboxes<\/span> <abbr class=\"required\" title=\"Obligatorio\">*<\/abbr><\/label><ul id=\"evf-260-field_UEdgScdz5y-1\" class=\" evf-field-required\"><li class=\"choice-1 depth-1\"><input type=\"checkbox\" id=\"evf-260-field_UEdgScdz5y-1_1\" class=\"input-text\" name=\"everest_forms[form_fields][UEdgScdz5y-1][]\" value=\"He le\u00eddo, he entendido y acepto el &lt;a href=&quot;https:\/\/acytal.com\/index.php\/aviso-legal\/&quot;&gt;Aviso Legal&lt;\/a&gt; y la &lt;a href=&quot;https:\/\/acytal.com\/index.php\/politica-de-privacidad\/&quot;&gt;Pol\u00edtica de Privacidad&lt;\/a&gt;\" required ><label class=\"everest-forms-field-label-inline\" for=\"evf-260-field_UEdgScdz5y-1_1\">He le\u00eddo, he entendido y acepto el <a href=\"https:\/\/acytal.com\/index.php\/aviso-legal\/\">Aviso Legal<\/a> y la <a href=\"https:\/\/acytal.com\/index.php\/politica-de-privacidad\/\">Pol\u00edtica de Privacidad<\/a><\/label><\/li><\/ul><\/div><\/div><\/div><\/div><div class=\"evf-honeypot-container evf-field-hp\"><label for=\"evf-260-field-hp\" class=\"evf-field-label\">Phone<\/label><input type=\"text\" name=\"everest_forms[hp]\" id=\"evf-260-field-hp\" class=\"input-text\"><\/div><div class=\"evf-recaptcha-container \" style=\"display:block\"><div class=\"g-recaptcha\" data-sitekey=\"cba4f2a4-f8c7-4617-9a19-8de4335ea1f9\"><\/div><input type=\"text\" name=\"g-recaptcha-hidden\" class=\"evf-recaptcha-hidden\" style=\"position:absolute!important;clip:rect(0,0,0,0)!important;height:1px!important;width:1px!important;border:0!important;overflow:hidden!important;padding:0!important;margin:0!important;\" required><\/div><div class=\"evf-submit-container \" ><input type=\"hidden\" name=\"everest_forms[id]\" value=\"260\"><input type=\"hidden\" name=\"everest_forms[author]\" value=\"1\"><button type='submit' name='everest_forms[submit]' class='everest-forms-submit-button button evf-submit ' id='evf-submit-260' value='evf-submit' data-process-text=\"Procesando...\" conditional_rules='&quot;&quot;' conditional_id='evf-submit-260'  id=\"evf-submit-260\" aria-live=\"assertive\">Enviar<\/button><\/div><\/form><\/div><!-- .evf-container --><\/div>\n","protected":false},"excerpt":{"rendered":"<p>Puedes ponerte en contacto con nosotros para cualquier duda que desees aclarar mediante correo electr\u00f3nico o telef\u00f3nicamente. Igualmente, puedes solicitar informaci\u00f3n y asistir a alguna de las actividades que tengamos programadas y, de esta forma, conocernos previamente. Antes de enviarnos<\/p>\n","protected":false},"author":1,"featured_media":0,"parent":0,"menu_order":0,"comment_status":"closed","ping_status":"closed","template":"page-templates\/contact.php","meta":{"footnotes":""},"class_list":["post-154","page","type-page","status-publish","hentry"],"_links":{"self":[{"href":"https:\/\/acytal.com\/index.php\/wp-json\/wp\/v2\/pages\/154","targetHints":{"allow":["GET"]}}],"collection":[{"href":"https:\/\/acytal.com\/index.php\/wp-json\/wp\/v2\/pages"}],"about":[{"href":"https:\/\/acytal.com\/index.php\/wp-json\/wp\/v2\/types\/page"}],"author":[{"embeddable":true,"href":"https:\/\/acytal.com\/index.php\/wp-json\/wp\/v2\/users\/1"}],"replies":[{"embeddable":true,"href":"https:\/\/acytal.com\/index.php\/wp-json\/wp\/v2\/comments?post=154"}],"version-history":[{"count":0,"href":"https:\/\/acytal.com\/index.php\/wp-json\/wp\/v2\/pages\/154\/revisions"}],"wp:attachment":[{"href":"https:\/\/acytal.com\/index.php\/wp-json\/wp\/v2\/media?parent=154"}],"curies":[{"name":"wp","href":"https:\/\/api.w.org\/{rel}","templated":true}]}}